5) + -1. Let h(c) = c**2 - 2*c + 3. Determine h(a).
11
Let v(f) = f**2 + 13*f - 8. Let t be v(-13). Let a be 1 + -2 - t/4. Let b(n) = -3*n**2 + n. Determine b(a).
-2
Let g(h) = -h**3 + h - 1. Let m(d) = -d**2 - 15*d - 5. Let z(c) = -c**3 + 2*c**2 + 14*c + 4. Let k(j) = -3*m(j) - 4*z(j). Let p(b) = 5*g(b) + k(b). Give p(-4).
2
Let q(j) = -j**3 - j - 4*j**2 - j + 2 + j. Suppose 0 = -3*i - 5*p - 2, 2*i + p = -3*p. Give q(i).
6
Suppose -8*h = -h. Let k(s) = -s**3 - s - 6. Calculate k(h).
-6
Let b = 11 - -3. Let k(j) = j + 1. Let g(v) = v**2 + 9*v + 7. Let h(r) = b*k(r) - 2*g(r). Let t(u) = -u**3 - 2*u**2 + 2*u + 1. Let q be t(-2). Calculate h(q).
-6
Let a = 5 - 5. Let u(v) = 1 + a + 4*v - v. What is u(-1)?
-2
Let m(q) = 2*q**2 + 0 + 2 + 0*q**2. Suppose 26*g = 27*g - 2. Determine m(g).
10
Let m(i) = i**2 - i + 0*i + 4*i - i + 3. Calculate m(-2).
3
Suppose -9*o + 13*o = 8. Let g(t) = t**2 + 4*t + 3. Let m(h) = h**2 + 3*h + 2. Let j(f) = 2*g(f) - 3*m(f). Calculate j(o).
-6
Let d(k) = k**2 + 12*k - 9. Let y(t) = 3*t**2 + 35*t - 26. Let q(g) = -17*d(g) + 6*y(g). What is q(-6)?
-3
Let j be (8/12)/((-6)/9). Let d(i) = -4*i**2 + i. What is d(j)?
-5
Suppose -2*n = 3*g - 15, -g = 2*g - 4*n + 3. Suppose 2*p = 2*i + p - 4, 0 = -4*i - 2*p + 8. Let s(l) = -l**2 - g - l**3 - i*l + 6*l + 4*l**2. Calculate s(4).
-3
Let i = 91 + -99. Let c(t) = -t**3 - 7*t**2 + 8*t + 3. Give c(i).
3
Let w(d) be the third derivative of d**4/8 + d**3/3 + 7*d**2. Let n = -1 + 4. Determine w(n).
11
Let j(u) be the first derivative of -u**4/12 + u**3 - u**2 - 5*u + 4. Let y(b) be the first derivative of j(b). Give y(4).
6
Let j(m) = -m**3 - m**2 - 2. Let w = 51 + -53. Give j(w).
2
Let b(f) = 2*f**3 - 3*f**2 - 7. Let j be b(3). Suppose 0*d = 4*d - 8. Suppose 0 = -7*l + d*l + j. Let y(u) = u**2 - 5*u + 5. Give y(l).
1
Suppose -5*y - 1 = r - 24, 4*r + 4*y = 12. Let h be ((-2)/4)/(r/4). Let g(b) = -b**2 + 2*b - 2*b**3 + 0*b + 3*b**2 - 3*b. Determine g(h).
-1
Let x(b) = b**3 - 2 - 2*b**2 - 2*b**3 + 1 + 8. Let w(h) = h**3 + h**2 - 4. Let r(l) = 5*w(l) + 3*x(l). Let p be r(-1). Let f(v) = -v**2 - v - 2. Calculate f(p).
-4
Let u(n) = -4 - 17*n**2 - 7*n + 9 + 4. Let m(l) = 9*l**2 + 4*l - 5. Let k(c) = 11*m(c) + 6*u(c). Determine k(-2).
-17
Let w(h) be the second derivative of -h + 1/2*h**2 + 1/6*h**3 + 0. Give w(1).
2
Let a(o) be the second derivative of -o**3/6 - o**2 + 13*o. Suppose 0 = t - 2*t. Suppose 0 = -n - n + 5*p - 33, t = -4*p + 20. What is a(n)?
2
Let w = 9 + -4. Let c = -7 + w. Let m(u) = 2*u**3 + 3*u**2 + 2*u. Determine m(c).
-8
Let f(w) = -w**3 - w**2 + 2*w - 1. Let g be (5 - 4)/(2/(-4)). Let v be 13 + (1*g - 0). Suppose -5 = 5*h, -4*i + 5*h + v = -7*i. What is f(i)?
-1
Let w = -4 - -6. Let x = w - -4. Suppose 2*n + 3*q + x = 0, 0 = -6*n + 2*n - 4*q - 8. Let g(t) = t + 1. Calculate g(n).
1
Let m = -17 + 16. Let s(d) = 9*d**3 + d**2 + d + 1. Determine s(m).
-8
Let s be -3 + 2 + (3 - 8). Let i(q) = q**2 + 5*q - 5. Give i(s).
1
Suppose 2*c - x - 2 = 0, -2*c - 2*x = 3*c - 23. Let b(j) = c*j**2 - 5*j**2 - 21 - 2*j + 22. Let f(o) = o**3 + 4*o**2 - 4*o + 6. Let g be f(-5). Determine b(g).
-3
Let u(j) be the second derivative of -j**5/20 + j**4/4 + j**3/2 + 5*j**2/2 - 2*j. Suppose -4*w - 3 = 1. Let z be ((-12)/6)/(w/2). Determine u(z).
1
Let f(r) = -25*r**2 - 4*r - 27*r**2 + 53*r**2 - 6. What is f(6)?
6
Let c(t) = 0*t + 3 + 3*t - 2. Let h be c(1). Let p(k) = -2*k**2 + 7*k - 4. What is p(h)?
-8
Let t(y) be the first derivative of -y**2/2 - 2*y - 1. Suppose 2*v + v + 15 = 0. What is t(v)?
3
Let m(h) = -1. Let b(w) = -w**2 + 4*w. Let o(v) = b(v) - 3*m(v). Let q be (-2 - 0)/(1/(-2)). Calculate o(q).
3
Let d(y) be the second derivative of -y**4/12 - 3*y. Let h = -6 - -7. Let f be (4 - 4)/(0 - h). Give d(f).
0
Let z be (3 + (-12)/3)/(-1). Let i(q) = -1 + z + 2 - 10*q - 3. Let s be 1 + -3 + 1/1. Give i(s).
9
Let o(l) be the first derivative of l**2 - l - 2. Suppose -y - 12 = -4*y + 3*x, 2*y + 3*x = 13. Suppose 3*n = -4*u - 1 + 7, -y*u - 6 = -3*n. Calculate o(n).
3
Let c(s) = s**2 - 4*s + 4. Let b be 4/((-16)/12) - -5. Suppose 0 = -o + 2*v - 2, b*o + v - 3*v = 4. What is c(o)?
16
Let d(k) = -k**3 - 7*k**2 - 3*k - 7. Suppose -14*u - 14 = -12*u. Determine d(u).
14
Let v(z) = z - 1. Let h be v(4). Let u(x) = 3*x + 4. Let q(a) be the second derivative of -a**3/6 - 2*a. Let i(y) = 6*q(y) + u(y). Determine i(h).
-5
Suppose r + 0 + 1 = 0. Let l(y) = 5*y**3 - y**2 - 2*y - 1. Calculate l(r).
-5
Let u(i) be the first derivative of i**3 - i**2/2 - 14*i + 5. Let t(n) = -7*n**2 + 3*n + 28. Let f(k) = 2*t(k) + 5*u(k). Calculate f(0).
-14
Let h(p) = 2*p**2 - 21*p + 12. Let t be h(10). Let l(q) = -q**t - 2 + 1 + 8*q + 3 - 11. Let a(o) = o**3 + 5*o**2 + 2*o - 2. Let j be a(-4). Calculate l(j).
3
Suppose -o - 10 = -4*o - 2*i, 4*i = 2*o + 20. Let p be (5 - 2) + (1 - o). Let t(w) = -w**3 + 1 + w**2 - w**2 + 2*w**2 + p*w. What is t(3)?
4
Suppose 2*n + 2 = 10*i - 7*i, 4*n + 4*i = 16. Let l(o) be the third derivative of -o**6/120 + o**3/6 + 2*o**2. Give l(n).
-7
Let p(l) be the second derivative of l**4/12 - 7*l**3/6 + l**2 + 5*l. What is p(7)?
2
Let n = -12 - -6. Let c be -5 + 3 - (n + -1). Let d(f) = -f + 11. Give d(c).
6
Let x(p) be the third derivative of -p**5/60 + 3*p**4/8 - p**3/2 + p**2. Calculate x(8).
5
Let d = 7 - -2. Let l = 7 - d. Let t(j) = -j**2 + j + 1. Let p(h) = -3*h**2 + 3*h + 2. Let n(s) = -2*p(s) + 5*t(s). Calculate n(l).
7
Let t(o) = -o**2 - 9*o - 12. Let g be t(-8). Let l be (-5)/(25/g)*-5. Let u(s) = s + 2. Determine u(l).
-2
Let m(i) = 4 + 0*i + 3 - 2*i. Let r(g) = g - 3. Let y(p) = 3*m(p) + 5*r(p). Calculate y(0).
6
Let x(h) = h**3 - 7*h**2 - 3. Suppose 31 = -2*d - 5. Let m = d + 25. Give x(m).
-3
Let o(f) be the second derivative of -f**3/6 + f**2/2 - 19*f. Give o(6).
-5
Let j(z) be the second derivative of -1/3*z**3 + 2*z + 1/12*z**4 + 1/2*z**2 + 0 + 1/20*z**5. Let p(c) be the first derivative of j(c). What is p(-2)?
6
Let p be (-2)/9 + (-22)/(-18). Let a(c) be the second derivative of 2*c**5/5 - c**3/6 + c**2/2 + 2*c. What is a(p)?
8
Let d(w) = -2*w - 4 + 1 - 3. Let q be 28/(-6) + 8/(-24). Calculate d(q).
4
Let s(c) = -c + 2. Let d be s(-5). Let a(u) = u - 3. Give a(d).
4
Let p(f) = -f - 2. Let m = 5 - 5. Let i be m/(-6) + (-4)/(-1). What is p(i)?
-6
Suppose -4*b + 12 = 4. Let c be 3 - (1 + (b - 3)). Let w(k) = k**3 - 5*k**2 + 3*k + 1. Calculate w(c).
-8
Suppose 4*o = f + 6, -3*f - 4 = 2*o - 0*o. Let c(z) = -16*z**2 - 4*z + 7. Let p(t) = -11*t**2 - 3*t + 5. Let x(n) = 5*c(n) - 7*p(n). Calculate x(o).
-2
Let z be 64/6 + 10/(-15). Let u be (7 - 2)*6/z. Let n(d) = d**3 - 4*d**2 - 2*d - 2*d**u + 6*d**2. Give n(2).
-4
Let x(a) = -a**2 - 13*a - 12. Let r be x(-12). Let p(d) = 5*d - 6 - 2*d - 4*d. Calculate p(r).
-6
Let b(n) = -25*n. Let z be b(-1). Suppose z = 6*l - l. Let o(w) = -2*w - 5. What is o(l)?
-15
Let v(g) = -2*g - 6. Let o be v(-1). Let w(f) = -f**2 - 2*f + 1. Determine w(o).
-7
Let k(x) = -x. Let l(z) = -4*z + 2. Let f(o) = 5*k(o) - l(o). Give f(0).
-2
Let u(f) be the first derivative of -3*f**2/2 - 6*f - 1. Suppose 3*x + 5 - 23 = 0. Suppose x - 2 = -g. What is u(g)?
6
Suppose 2*n = 9 - 5. Let b(p) = p**2 - 2*p - 1. Determine b(n).
-1
Let g be (0 - (-3 - -4))*-3. Let k(i) = -4*i**2 - 9*i + 3*i + g*i**2 + 0*i - 3. Determine k(-6).
-3
Let z be (-7 + -1 + 3)/1. Let v(r) = 5*r**3 - 5*r**2 + 11. Let y(d) = -4*d**3 + 5*d**2 - 10. Let x(h) = -5*v(h) - 6*y(h). Calculate x(z).
5
Let z(k) be the second derivative of k**4/24 + k**3/6 + 3*k**2 + 10*k. Let o(l) be the first derivative of z(l). Let a be -1*2*1/2. Determine o(a).
0
Suppose 1 = 2*p - 5. Let c = p + -3. Let z be -3 - (c + 0 + -2). Let d(q) = 3*q**3 + q. Calculate d(z).
-4
Let b(l) = -2*l - 11. Let v(y) = y + 6. Let t(d) = 6*b(d) + 11*v(d). Suppose -2*j + 18 = j. Give t(j).
-6
Suppose -5 = 2*n + 3. Let j be (2*-1)/n*4. Let i(m) = 11 - m + j*m - 3. What is i(0)?
8
Let g = -138 + 141. Let s(n) = -n + 4. Give s(g).
1
Let g = -1 - -2. Let q(l) be the first derivative of 1/3*l**3 + 3*l - 2*l**2 - g. Determine q(2).
-1
Let w(j) = j - 2. Let g be w(4). Suppose -16 = -2*h - g*h. Let p(l) = 5*l - h*l + 4*l - 4*l - 4. Give p(-4).
-8
Let m be 4*(5/2)/5. Let f(n) = -3 - 5*n + 4 + 2*n + n**m - 5. Calculate f(5).
6
Let f(d) be the third derivati